 2998. What is the units digit of r?
2
Let q(j) = 4*j. Let w be q(0). Suppose 0 = -3*m - 2*v + 71, w*m + 3*v = 4*m - 72. What is the units digit of m?
1
Suppose -4956 = -5*n - 16. What is the units digit of n?
8
Suppose 5*z + 10 = 3*z. Let d(h) = -9*h + 8. What is the tens digit of d(z)?
5
Let k(l) be the first derivative of 4*l**3/3 - 4*l**2 - 8*l + 14. What is the units digit of k(-6)?
4
Let m = 18 - 13. Suppose 0 = -6*b + 305 - m. What is the tens digit of b?
5
Suppose -9*n + 330 = -4*n + 4*r, 0 = -5*n + 2*r + 360. What is the units digit of n?
0
Suppose -31*z = -22*z - 306. Let c = -22 - -3. Let p = z + c. What is the tens digit of p?
1
Let l(q) = 3*q**2 + 13*q + 40. What is the hundreds digit of l(-9)?
1
Let h be (3 + 6)*34/(-3). What is the tens digit of h/(-4)*120/18?
7
Let h = 258 + 317. What is the units digit of h?
5
Suppose 5*b = -6*b + 220. Suppose 28*y - b = 26*y. What is the tens digit of y?
1
Suppose w + 3 = 0, -v + 3*v = -w + 9. Let p(c) = c - 8. Let z be p(v). What is the units digit of (-19)/(-7) + z/(-7)?
3
Suppose 0 = 3*s - 214 - 1955. What is the hundreds digit of s?
7
Suppose -5*h + 1500 = 2*o, -h - 4*o + 3*o + 303 = 0. Suppose -301*q + 423 = -h*q. What is the tens digit of q?
4
What is the units digit of (24906/4)/3 + (-77)/154?
5
Suppose -254 = -6*g + 214. Suppose -2*z = -8, 3*r + 2*z - g = 2*r. What is the units digit of r?
0
What is the thousands digit of 3633/3 - (-11 + 9 + -4)?
1
Suppose -4*t - 2*d + 92 = d, 0 = -4*t + d + 92. Let o = 56 - t. What is the tens digit of o?
3
Let p = 55 - 57. What is the units digit of 57 - (-1 + p - -1)?
9
Let f(a) = -18*a + 11. What is the tens digit of f(-16)?
9
Suppose -3*r + p = -1207, -p + 1 + 4 = 0. Suppose 4*d = -44 + r. Suppose -5*w = -j + 52, j - 3*j = 4*w - d. What is the tens digit of j?
4
What is the units digit of (18 + -38)*(-309)/12?
5
Let y = 103 - -9. Suppose 3*m = 2*m - 3*t + y, 4*m = 3*t + 463. What is the hundreds digit of m?
1
Let b = -247 + 552. What is the tens digit of b?
0
What is the hundreds digit of (-55)/22 + 1/((-2)/(-1839))?
9
Suppose 3*u + 3900 = 3*h, -3*u + 6492 = -0*h + 5*h. What is the units digit of h?
9
Suppose 5 - 3 = 2*z. Let d(p) = z - 4*p - 3 - 3*p**2 + p**3 - 5. What is the units digit of d(5)?
3
Let v be (-8 - -7)/((-1)/3). Suppose v*r = x - 0*r - 178, r = 3*x - 518. What is the tens digit of x?
7
Suppose 20807 = 13*m - 5271. What is the tens digit of m?
0
Suppose -4*y + 0*y + 22 = 2*s, -3*y = 2*s - 17. Suppose y*r = 4*q + 11, -5*r - 4*q + q = -18. What is the units digit of 197/r + (-18)/27?
5
Let o = 2373 - 231. What is the hundreds digit of o?
1
Let i = 10 + -61. Let c be i/21 - (-3)/7. Let b(a) = 12*a**2 + 3*a + 1. What is the tens digit of b(c)?
4
Let s = 108 - 83. What is the units digit of 4*(-45)/s*-15?
8
Let t(i) = -425*i**2 - 2*i + 1. Let f be t(1). What is the units digit of f/(-8) + 13/(-52)?
3
Let o(w) = w**3 - 8*w**2 - 5*w - 4. Let q be -9*((-20)/12)/5. Suppose 0 = x - 3*t - 15, q*x - t = -0*t + 29. What is the tens digit of o(x)?
3
Suppose 3*j + 0 + 6 = 0, 5*q = -j - 2. Suppose q*i = 5*i - p - 242, -i - 3*p + 42 = 0. What is the tens digit of i?
4
What is the hundreds digit of (-3)/2*1670/(-5 - 0)?
5
Suppose -3*b + 3*z + 125 + 67 = 0, 73 = b + 2*z. What is the units digit of b?
7
Let p(j) = -2*j + 13. Let l(h) = -2*h + 13. Let i(g) = -4*l(g) + 5*p(g). Let o be i(-9). Let f = -11 + o. What is the tens digit of f?
2
Let g = -5 + 7. Let r be 0*g/2 + 0. Suppose 0 = 3*n - r*n - 72. What is the units digit of n?
4
Let c be (0*3/(-9))/2. Suppose 3 = 3*l - c*l, 4*o = 5*l + 59. Suppose g + 4*s - 16 = 0, g - o = -0*s - 5*s. What is the tens digit of g?
1
Let c(z) = z**3 - z**2 + z - 3. Let q be c(4). Let d = 54 - q. What is the units digit of d?
5
Let k(w) = w**2. Let b be k(3). Let a(o) = -9 - o + 5 + 2*o - 1. What is the units digit of a(b)?
4
Suppose -1126 = -5*k + 1904. What is the units digit of k?
6
Suppose 3*f - 12 = 3*z, 2*f - 2*z = -f + 10. Suppose -16*k + 4 = -15*k. Suppose k*j - 3*t - 7 = 7, 4*j = f*t + 16. What is the units digit of j?
5
Suppose -34*q - 1428 = -46*q. What is the hundreds digit of q?
1
Let c = 28 - 20. Suppose -3*t + 3*h - 2 = 1, 0 = h + 4. What is the tens digit of 2*((-500)/c)/t?
2
Suppose 0 = -3*v + 5*v - 6. Suppose v*k = -2*k. Suppose -2*l - 14 + 60 = k. What is the tens digit of l?
2
Suppose 4*i + 8*w = 11*w + 7005, -3*i - 3*w + 5280 = 0. What is the tens digit of i?
5
Suppose 33*q = 35*q - 626. Suppose -7*t + 212 + q = 0. What is the tens digit of t?
7
Let q(t) = -t**3 + 8*t**2 - 6*t + 4. Let h be q(6). Let b be 1/2*h/(-4). What is the tens digit of (30/(-9))/(b/30)?
2
Let r = 573 + 16. What is the hundreds digit of r?
5
Let t = 581 + 1363. What is the thousands digit of t?
1
Suppose 0*g - 4*w + 29 = -g, 0 = 2*g - 5*w + 70. Suppose 135 + 72 = 3*m. Let i = g + m. What is the tens digit of i?
2
Let r(o) = 47*o**2 + 6*o - 53. What is the tens digit of r(-6)?
0
Let t(a) = 5*a**2 + 13*a. Let p(h) = 3*h**2 + 12*h - 1. Let o(s) = -3*p(s) + 2*t(s). Let u be 1*15 + (-1)/1. What is the units digit of o(u)?
9
What is the hundreds digit of ((-8)/24)/(2/(-650))*3?
3
Let q(f) = -105*f + 3. Suppose -5 = -5*x + 20. Let g be q(x). What is the tens digit of g/(-14) + 4/(-14)?
3
Let w = -172 - -176. Suppose -5*n = -u + 20, -u - 2*n + 3*n = -4. Suppose f + w - 11 = u. What is the units digit of f?
7
Let s = -2 - -4. Suppose 4*i - s*p - 124 = 0, -4*i = -p - 4*p - 124. What is the tens digit of i?
3
Let c(d) = 190*d + 5. Let y be c(4). Suppose 6*x - y = x. Suppose -186 = -5*u + 4*g, -4*u + g - 2*g = -x. What is the units digit of u?
8
Suppose 4*g = 53 - 17. Let s = g - 9. Suppose s = 4*p + 4*h - 112, h - 124 = -6*p + p. What is the tens digit of p?
2
Let l be 9 + (-2 - -2) + -2. Let h = 11 - l. Suppose 49 = -h*m + 125. What is the tens digit of m?
1
What is the hundreds digit of (13 + 2)/(-4 + (-5025)/(-1254))?
0
Suppose 3*h - 85 = -4*s + 3667, -3*s - 1229 = -h. What is the hundreds digit of h?
2
Suppose 0 = -2*f - v + 4*v + 9, -5*f - 5*v = 15. Suppose -3*n + f = 2*h - 6, -5*h = 0. Suppose -3 - 3 = -n*a. What is the units digit of a?
3
Suppose 2*g - 112 + 946 = 0. Let o = g + -98. What is the tens digit of o/(-15) + 6/9?
3
Suppose 17*c - 7212 = 1764. What is the tens digit of c?
2
Suppose 4*x - 4382 = -2*n, -3*n - 2*n = 5*x - 5480. What is the units digit of x?
5
Let d(o) = -o**2 - 6*o + 1. Let q be d(-2). Suppose -6*l = -3*l - q. Suppose n - 3*n + 18 = 2*c, -5*c + l = 2*n. What is the tens digit of n?
1
Let q(k) = 2*k**2 - k. Let g be q(1). Let p(w) = -w**3 - w**2. Let f(l) = 6*l**3 + 4*l**2 - 1. Let h(j) = g*f(j) + 3*p(j). What is the units digit of h(1)?
3
Let z(s) = -s**3 - 4*s**2 + 4*s + 3. Let n be z(-5). Let l = 44 + n. What is the tens digit of l?
5
Let u(b) = -6*b**2 - 4*b - 8. Let q(x) = -7*x**2 - 4*x - 7. Let j(n) = 5*q(n) - 6*u(n). What is the units digit of j(-7)?
4
Suppose -5*l + 1410 = -4*w - 3318, -2*w + 3772 = 4*l. What is the units digit of l?
4
Suppose -96*b + 101*b - 1575 = 0. What is the hundreds digit of b?
3
Suppose -8*r = -10343 - 417. What is the thousands digit of r?
1
Let h = 2429 - 685. What is the hundreds digit of h?
7
Let p(x) = x**3 + 3*x**2 + 7*x + 7. What is the hundreds digit of p(6)?
3
Let m = -81 - -103. Let n = 38 + m. What is the tens digit of n?
6
What is the hundreds digit of (((-40)/25)/(-2))/(3/3465)?
9
Suppose 15*t = 10*t + v + 10653, 4*t - 8505 = -5*v. What is the units digit of t?
0
Let a(d) = d**3 - 12*d**2 + d - 9. Let s be a(12). Suppose 0 = -2*b - s*b - 265. Let h = 107 + b. What is the units digit of h?
4
Suppose 152 = -x + 155. Suppose -990 = -x*v - 0*v. What is the hundreds digit of v?
3
Suppose 2217 = f + n, 0 = -2*f - n + 65 + 4369. What is the hundreds digit of f?
2
Suppose -u = -2*o - 1600, 5*u = u - 4*o + 6388. What is the thousands digit of u?
1
Let l(f) = -f**2 - 61*f + 718. What is the tens digit of l(-37)?
0
What is the tens digit of 29/(-58)*(-2 + -920)*3?
8
Let t = -363 + 774. What is the units digit of t?
1
Suppose -3*a + 12 = -0*a, 5*a - 29 = n. Let f = n + 13. Suppose -l = f*l - 70. What is the tens digit of l?
1
Let r be 1/2 - -3*2/4. What is the tens digit of (-1)/(-2)*r + (-10 - -70)?
6
Let m = 5004 + -2770. What is the hundreds digit of m?
2
Let y(m) 